) = s**3 + 21*s**2 + 37*s - 5. Calculate i(-19).
14
Let x(o) = 192*o + 960. What is x(-5)?
0
Let h(j) = -j**2 - 2*j + 1. What is h(-2)?
1
Let x(p) = -13*p - 14. Give x(-3).
25
Let i(c) = -c**2 + 25*c + 230. Calculate i(32).
6
Let j(i) = 13*i. What is j(3)?
39
Let l(s) = -2*s**2 + 61*s - 81. Calculate l(29).
6
Let h(q) = -q**3 + 3*q**2 + q - 11. Give h(5).
-56
Let k(s) = -s**2 - 7*s + 5. Calculate k(-8).
-3
Let o(v) = 7*v - 161. Determine o(23).
0
Let v(t) = -3*t**2 - 17*t + 1. Give v(-6).
-5
Let t(w) = w**2 - 7*w + 13. Give t(3).
1
Let k(v) = 3*v**2 - 2. Give k(2).
10
Let u(x) = -2*x + 23. Calculate u(18).
-13
Let y(u) = -u**3 - 6*u**2 + 140*u + 81. Give y(-15).
6
Let g(b) = -b**2 - 2*b + 4. Calculate g(-4).
-4
Let b(y) = y - 11. Give b(10).
-1
Let i(q) = -q**3 - 5*q**2 - 4*q + 3. What is i(-5)?
23
Let l(z) = z**3 - 2*z**2 - z. Determine l(2).
-2
Let b(g) = g**2 + 7*g + 13. Determine b(-6).
7
Let v(o) = 2*o**2 - 53*o + 24. Give v(27).
51
Let j(z) = -z**2 - 10*z + 8. Give j(-11).
-3
Let q(o) = -4*o**2 + 18*o + 2. Calculate q(5).
-8
Let q(j) = 21*j**2 + j - 2. Calculate q(1).
20
Let u(d) = 2*d - 3. Give u(11).
19
Let o(d) = -d**2 - 8*d - 16. What is o(-5)?
-1
Let i(k) = 2*k**2 + 18*k - 283. What is i(8)?
-11
Let l(w) = 3*w**2 + 2*w - 2. What is l(1)?
3
Let h(p) = p**2 - 10*p - 29. Give h(13).
10
Let n(f) = 8*f + 37. What is n(-2)?
21
Let s(f) = -2*f**2 - 60*f + 132. What is s(-32)?
4
Let k(s) = 3*s**2 + 32*s + 23. Determine k(-7).
-54
Let u(c) = -2*c**3 + 16*c**2 - 13*c + 13. Calculate u(8).
-91
Let c(n) = n**2 - 7*n - 131. What is c(15)?
-11
Let k(d) = -7*d**3 + 2*d**2 - 2*d. Give k(2).
-52
Let x(d) = d**3 + 11*d**2 - 13*d - 8. What is x(-12)?
4
Let j(r) = r**3 + 15*r**2 - 16*r + 5. Calculate j(-16).
5
Let x(u) = -u**2 + 2*u - 3. Determine x(2).
-3
Let y(q) = -11*q**2 + q. Give y(2).
-42
Let u(v) = -2*v**3 + 3*v**2 + 8*v - 34. What is u(5)?
-169
Let b(n) = -5*n**2 + 46*n - 9. What is b(9)?
0
Let m(c) = c**2 - 14*c + 17. Calculate m(11).
-16
Let a(w) = 2*w + 11. Give a(-5).
1
Let t(g) = g**3 - 19*g**2 - 2. What is t(19)?
-2
Let f(o) = 15*o + 90. Determine f(-6).
0
Let a(h) = 16*h + 117. Calculate a(-7).
5
Let u(o) = -o**2 + 15*o - 31. What is u(12)?
5
Let h(z) = -z**2 - 24*z + 74. What is h(-27)?
-7
Let h(j) = -j**2 - 12*j - 28. What is h(-6)?
8
Let a(x) = 47*x - 141. Calculate a(3).
0
Let g(c) = -c**3 - 7*c**2 - 11*c - 7. Calculate g(-4).
-11
Let x(a) = a**2 - 5*a - 9. Calculate x(6).
-3
Let p(z) = -2*z + 16. Calculate p(6).
4
Let r(t) = 9*t**2 - 15*t + 16. Give r(1).
10
Let z(r) = -r**3 + 6*r**2 - 7*r. What is z(5)?
-10
Let l(z) = -17*z**2 + 1. Calculate l(1).
-16
Let p(m) = m**2 - 2*m + 23. Give p(0).
23
Let v(b) = b**2 + 16*b + 27. Calculate v(-14).
-1
Let o(h) = -11*h + 80. What is o(8)?
-8
Let c(j) = 3*j**2 + 36*j + 6. What is c(-12)?
6
Let g(u) = -11*u**2 + 3*u. Determine g(2).
-38
Let l(c) = 2*c + 1. Calculate l(-6).
-11
Let r(k) = -k**3 + 9*k**2 - 8*k + 9. Determine r(8).
9
Let i(g) = -g**2 - 4*g. What is i(-5)?
-5
Let t(c) = c**2 + 15*c - 10. Calculate t(-14).
-24
Let b(g) = g**3 - 3*g**2 - 4*g + 2. Determine b(3).
-10
Let w(v) = -2*v**3 - 7*v - 3. What is w(-3)?
72
Let u(k) = k**2 - 38*k - 503. Calculate u(49).
36
Let q(x) = -x**2 - 16*x + 23. Determine q(-18).
-13
Let d(c) = -2*c**3 + 16*c**2 + 3*c - 8. Calculate d(8).
16
Let h(f) = -27*f + 10. Calculate h(2).
-44
Let t(j) = -j**3 + 5*j**2 - j + 1. Determine t(4).
13
Let d(h) = 5*h + 27. Give d(-7).
-8
Let b(q) = 8*q - 2. What is b(2)?
14
Let y(b) = -20*b**2 - 9*b + 18. Give y(3).
-189
Let m(b) = -b**3 + b**2 + 5*b - 91. Calculate m(0).
-91
Let b(u) = 3*u - 8. Calculate b(-11).
-41
Let w(d) = d**3 + 6*d**2 - 9*d + 3. Determine w(-7).
17
Let z(u) = u**2 + 8*u + 7. Calculate z(-8).
7
Let s(v) = -v**2 + 2*v + 6. Give s(-4).
-18
Let l(a) = -a**2 - 7*a + 1. What is l(-6)?
7
Let d(s) = 2*s**3 - 4*s**2 - 4*s - 3. Calculate d(-3).
-81
Let p(z) = 2*z**2 + 7*z - 137. Give p(7).
10
Let w(m) = -53*m - 1. Give w(3).
-160
Let x(n) = -n**3 - 2*n**2 - 9*n + 2. Give x(4).
-130
Let y(a) = -a**3 - a - 14. Calculate y(0).
-14
Let p(w) = w**2 - 5*w - 7. Determine p(5).
-7
Let c(s) = s**2 + 8*s + 52. Determine c(-6).
40
Let l(c) = c**3 + 6*c**2 + 4*c - 2. Determine l(-5).
3
Let l(h) = 11*h - 95. Give l(10).
15
Let w(s) = -s**2 - 10. Determine w(0).
-10
Let x(f) = -11*f + 17. Calculate x(5).
-38
Let d(h) = 10*h + 19. Calculate d(-3).
-11
Let k(d) = d**2 + 11*d - 2. Give k(-6).
-32
Let g(a) = a**3 + 2*a**2 + 8*a. Calculate g(-3).
-33
Let x(p) = -195*p**3 + p**2 - 3*p - 3. Calculate x(-1).
196
Let s(u) = -u**2 + 19*u - 88. Calculate s(12).
-4
Let j(i) = i**3 + 22*i**2 + 18*i - 69. Determine j(-21).
-6
Let b(o) = o - 21. What is b(8)?
-13
Let u(r) = 171*r**2 - 3*r + 3. Determine u(1).
171
Let z(p) = 3*p - 52. Calculate z(17).
-1
Let g(b) = b**3 + 6*b**2 + 3*b - 2. What is g(-5)?
8
Let w(m) = 6*m + 173. Determine w(-31).
-13
Let w(i) = 5*i**2 - 47*i + 12. What is w(9)?
-6
Let p(n) = -3*n**3 - n**2 + 5*n + 5. What is p(-2)?
15
Let m(d) = 4*d + 20. Calculate m(-8).
-12
Let a(v) = -2*v**3 + 3*v + 2. Calculate a(-1).
1
Let o(s) = s**3 - 9*s**2 - 13*s + 14. What is o(10)?
-16
Let j(b) = -b**2 - 8*b - 3. Determine j(-11).
-36
Let l(x) = x**3 - 36*x**2 + 3*x - 116. Determine l(36).
-8
Let t(h) = h**3 - 7*h**2 + 4*h + 13. What is t(6)?
1
Let q(g) = -g**2 + 3*g + 6. Determine q(0).
6
Let g(p) = p**3 + p**2 + p - 17. Determine g(0).
-17
Let v(b) = -3*b + 6. Calculate v(1).
3
Let a(z) = -4*z**2 + 3*z + 17. What is a(5)?
-68
Let y(h) = -3*h**3 + 25*h**2 - 8*h + 6. Calculate y(8).
6
Let o(g) = -4*g - 25. What is o(6)?
-49
Let x(o) = o**3 + 9*o**2 - 10*o - 11. Give x(-10).
-11
Let t(m) = m**3 + 10*m**2 + 8*m - 1. Calculate t(-9).
8
Let d(t) = -t**2 + 2*t + 19. Calculate d(-6).
-29
Let o(p) = -p - 27. Calculate o(20).
-47
Let s(u) = 18*u + 827. Determine s(-46).
-1
Let q(f) = -9*f + 33. Give q(7).
-30
Let x(t) = -t + 28. Calculate x(0).
28
Let z(f) = f**2 - 16*f - 2. Calculate z(17).
15
Let v(y) = y**2 - 10*y + 6. Determine v(7).
-15
Let i(l) = 33*l - 38. What is i(2)?
28
Let d(c) = c**3 + 15*c**2 + 15*c + 17. Determine d(-14).
3
Let d(l) = l**3 - l**2 - 2. Calculate d(4).
46
Let x(s) = -2*s - 22. What is x(-8)?
-6
Let z(w) = w**2 + 28*w + 70. What is z(-25)?
-5
Let x(r) = -r - 1. Calculate x(1).
-2
Let w(z) = 36*z - 205. Give w(6).
11
Let t(s) = s**3 - 11*s**2 + 21*s + 7. Calculate t(7).
-42
Let a(j) = -10*j + 82. Calculate a(8).
2
Let n(h) = 9*h + 4. Calculate n(-4).
-32
Let u(y) = -5*y - 25. Calculate u(-5).
0
Let j(u) = -5*u - 173. Give j(-39).
22
Let t(c) = c**3 + 4*c**2. Calculate t(-3).
9
Let o(x) = x**2 + 7*x + 20. Calculate o(-6).
14
Let k(r) = -r**2 - 11*r - 12. Calculate k(-6).
18
Let l(v) = -v**3 + 17*v**2 + 17*v + 22. Give l(18).
4
Let q(n) = -4*n - 114. What is q(-28)?
-2
Let l(t) = t**3 - 6*t**2 - 3*t + 1. Determine l(7).
29
Let y(g) = 2*g**3 + 4*g**2 + 2*g. Calculate y(-3).
-24
Let x(r) = -53*r**3 + 1. Calculate x(1).
-52
Let b(x) = x**2 - 9*x - 11. Calculate b(11).
11
Let x(u) = u**3 - 3*u**2 + 3*u - 13. Calculate x(6).
113
Let y(m) = -5*m - 1. Determine y(-1).
4
Let t(y) = 25*y**3 - 4*y - 3. Calculate t(-1).
-24
Let c(w) = -w**3 - 25*w**2 + w + 1. Calculate c(-25).
-24
Let t(g) = 10*g + 58. Give t(-5).
8
Let x(i) = -4*i + 20. Give x(6).
-4
Let r(i) = -i**2 + 34*i - 33. What is r(33)?
0
Let l(i) = -4*i - 2. Determine l(3).
-14
Let n(r) = r**3 - 6*r**2 + 6*r + 3. Give n(5).
8
Let d(f) = -f**2 - 21*f - 63. Determine d(-4).
5
Let v(c) = 14*c + 214. Give v(-13).
32
Let f(k) = -10*k**2 + 2*k. Give f(2).
-36
Let f(g) = 65*g - 38. Calculate f(1).
27
Let q(l) = 2*l - 9. What is q(5)?
1
Let h(w) = w**3 - 13*w**2 - 8*w + 14. What is h(13)?
-90
Let a(v) = 6*v + 143. What is a(-26)?
-13
Let u(o) = -o**3 - o**2 + 13*o + 11. What is u(-3)?
-10
Let l(p) = 9*p**2 - 7*p + 6. Give l(1).
8
Let h(z) = -z**3 - 9*z**2 + 2*z + 14. Calculate h(-9).
-4
Let b(q) = -q**3 - 9*q**2 - 43*q - 277. Give b(-8).
3
Let k(z) = 3*z + 57. Determine k(-18).
3
Let y(g) = g**2 - 69*g + 904. Give y(18).
-14
Let j(s) = -2*s**2 + 28*s - 64. Determine j(13).
-38
Let u(l) = l**2 - 75*l - 843. Calculate u(-10).
7
Let u(c) = -c**2 + 4*c + 11. What is u(5)?
6
Let b(k) = 12*k - 74. Determine b(7).
10
Let j(p) = 54*p + 211. What is j(-4)?
-5
Let b(h) = 